[INFO] cloning repository https://github.com/ujh/iomrascalai
[INFO] running `Command { std: "git" "-c" "credential.helper=" "-c" "credential.helper=/workspace/cargo-home/bin/git-credential-null" "clone" "--bare" "https://github.com/ujh/iomrascalai" "/workspace/cache/git-repos/https%3A%2F%2Fgithub.com%2Fujh%2Fiomrascalai", kill_on_drop: false }`
[INFO] [stderr] Cloning into bare repository '/workspace/cache/git-repos/https%3A%2F%2Fgithub.com%2Fujh%2Fiomrascalai'...
[INFO] running `Command { std: "git" "rev-parse" "HEAD", kill_on_drop: false }`
[INFO] [stdout] 2b01a7643b9c4a86f1430a9ec38deb786e6a2fd8
[INFO] checking ujh/iomrascalai against try#72f88fc4e9458f89516a0b8b0868f3718aec5b47 for pr-74989
[INFO] running `Command { std: "git" "clone" "/workspace/cache/git-repos/https%3A%2F%2Fgithub.com%2Fujh%2Fiomrascalai" "/workspace/builds/worker-13/source", kill_on_drop: false }`
[INFO] [stderr] Cloning into '/workspace/builds/worker-13/source'...
[INFO] [stderr] done.
[INFO] validating manifest of git repo https://github.com/ujh/iomrascalai on toolchain 72f88fc4e9458f89516a0b8b0868f3718aec5b47
[INFO] running `Command { std: "/workspace/cargo-home/bin/cargo" "+72f88fc4e9458f89516a0b8b0868f3718aec5b47" "read-manifest" "--manifest-path" "Cargo.toml", kill_on_drop: false }`
[INFO] started tweaking git repo https://github.com/ujh/iomrascalai
[INFO] finished tweaking git repo https://github.com/ujh/iomrascalai
[INFO] tweaked toml for git repo https://github.com/ujh/iomrascalai written to /workspace/builds/worker-13/source/Cargo.toml
[INFO] crate git repo https://github.com/ujh/iomrascalai already has a lockfile, it will not be regenerated
[INFO] running `Command { std: "/workspace/cargo-home/bin/cargo" "+72f88fc4e9458f89516a0b8b0868f3718aec5b47" "fetch" "--locked" "--manifest-path" "Cargo.toml", kill_on_drop: false }`
[INFO] [stderr]  Downloading crates ...
[INFO] [stderr]   Downloaded fuchsia-zircon-sys v0.2.0
[INFO] [stderr]   Downloaded num_cpus v1.7.0
[INFO] [stderr]   Downloaded num-rational v0.1.40
[INFO] [stderr]   Downloaded num-integer v0.1.35
[INFO] [stderr]   Downloaded getopts v0.2.15
[INFO] [stderr]   Downloaded thread_local v0.3.4
[INFO] [stderr]   Downloaded time v0.1.38
[INFO] [stderr]   Downloaded num v0.1.41
[INFO] [stderr]   Downloaded regex v0.2.3
[INFO] [stderr]   Downloaded serde v1.0.23
[INFO] [stderr]   Downloaded num-complex v0.1.41
[INFO] [stderr]   Downloaded num-iter v0.1.34
[INFO] [stderr]   Downloaded num-bigint v0.1.41
[INFO] [stderr]   Downloaded num-traits v0.1.41
[INFO] [stderr]   Downloaded rand v0.3.18
[INFO] [stderr]   Downloaded toml v0.4.5
[INFO] [stderr]   Downloaded fuchsia-zircon v0.2.1
[INFO] [stderr]   Downloaded regex-syntax v0.4.1
[INFO] [stderr]   Downloaded quicksort v1.1.0
[INFO] [stderr]   Downloaded hamcrest v0.1.5
[INFO] [stderr]   Downloaded stainless v0.1.12
[INFO] running `Command { std: "docker" "create" "-v" "/var/lib/crater-agent-workspace/builds/worker-13/target:/opt/rustwide/target:rw,Z" "-v" "/var/lib/crater-agent-workspace/builds/worker-13/source:/opt/rustwide/workdir:ro,Z" "-v" "/var/lib/crater-agent-workspace/cargo-home:/opt/rustwide/cargo-home:ro,Z" "-v" "/var/lib/crater-agent-workspace/rustup-home:/opt/rustwide/rustup-home:ro,Z" "-e" "SOURCE_DIR=/opt/rustwide/workdir" "-e" "CARGO_TARGET_DIR=/opt/rustwide/target" "-e" "CARGO_HOME=/opt/rustwide/cargo-home" "-e" "RUSTUP_HOME=/opt/rustwide/rustup-home" "-w" "/opt/rustwide/workdir" "-m" "1610612736" "--user" "0:0" "--network" "none" "rustops/crates-build-env@sha256:d92eaeed33fa75130ca1ee6c8a01d1ffb62bac859dfdfb3450e3e5d1c0146529" "/opt/rustwide/cargo-home/bin/cargo" "+72f88fc4e9458f89516a0b8b0868f3718aec5b47" "metadata" "--no-deps" "--format-version=1", kill_on_drop: false }`
[INFO] [stdout] c33f5a3cc6e93a679d61c2b1e13f7b7c63c947ac366af15a2ec51a6266c22274
[INFO] [stderr] WARNING: Your kernel does not support swap limit capabilities or the cgroup is not mounted. Memory limited without swap.
[INFO] running `Command { std: "docker" "start" "-a" "c33f5a3cc6e93a679d61c2b1e13f7b7c63c947ac366af15a2ec51a6266c22274", kill_on_drop: false }`
[INFO] running `Command { std: "docker" "inspect" "c33f5a3cc6e93a679d61c2b1e13f7b7c63c947ac366af15a2ec51a6266c22274", kill_on_drop: false }`
[INFO] running `Command { std: "docker" "rm" "-f" "c33f5a3cc6e93a679d61c2b1e13f7b7c63c947ac366af15a2ec51a6266c22274", kill_on_drop: false }`
[INFO] [stdout] c33f5a3cc6e93a679d61c2b1e13f7b7c63c947ac366af15a2ec51a6266c22274
[INFO] running `Command { std: "docker" "create" "-v" "/var/lib/crater-agent-workspace/builds/worker-13/target:/opt/rustwide/target:rw,Z" "-v" "/var/lib/crater-agent-workspace/builds/worker-13/source:/opt/rustwide/workdir:ro,Z" "-v" "/var/lib/crater-agent-workspace/cargo-home:/opt/rustwide/cargo-home:ro,Z" "-v" "/var/lib/crater-agent-workspace/rustup-home:/opt/rustwide/rustup-home:ro,Z" "-e" "SOURCE_DIR=/opt/rustwide/workdir" "-e" "CARGO_TARGET_DIR=/opt/rustwide/target" "-e" "CARGO_INCREMENTAL=0" "-e" "RUST_BACKTRACE=full" "-e" "RUSTFLAGS=--cap-lints=forbid" "-e" "CARGO_HOME=/opt/rustwide/cargo-home" "-e" "RUSTUP_HOME=/opt/rustwide/rustup-home" "-w" "/opt/rustwide/workdir" "-m" "1610612736" "--user" "0:0" "--network" "none" "rustops/crates-build-env@sha256:d92eaeed33fa75130ca1ee6c8a01d1ffb62bac859dfdfb3450e3e5d1c0146529" "/opt/rustwide/cargo-home/bin/cargo" "+72f88fc4e9458f89516a0b8b0868f3718aec5b47" "check" "--frozen" "--all" "--all-targets" "--message-format=json", kill_on_drop: false }`
[INFO] [stdout] 801ba1471e7911885374f6373c9c90c53894b6109ebe1fbf1490791efa2f3d9b
[INFO] [stderr] WARNING: Your kernel does not support swap limit capabilities or the cgroup is not mounted. Memory limited without swap.
[INFO] running `Command { std: "docker" "start" "-a" "801ba1471e7911885374f6373c9c90c53894b6109ebe1fbf1490791efa2f3d9b", kill_on_drop: false }`
[INFO] [stderr]     Blocking waiting for file lock on package cache
[INFO] [stderr]    Compiling iomrascalai v0.3.2 (/opt/rustwide/workdir)
[INFO] [stderr]     Checking serde v1.0.23
[INFO] [stderr]     Checking getopts v0.2.15
[INFO] [stderr]     Checking quicksort v1.1.0
[INFO] [stderr]    Compiling stainless v0.1.12
[INFO] [stderr]     Checking memchr v2.0.1
[INFO] [stderr]     Checking num_cpus v1.7.0
[INFO] [stderr]     Checking time v0.1.38
[INFO] [stderr]     Checking thread_local v0.3.4
[INFO] [stderr]     Checking num-bigint v0.1.41
[INFO] [stderr]     Checking num-complex v0.1.41
[INFO] [stdout] error[E0557]: feature has been removed
[INFO] [stdout]  --> /opt/rustwide/cargo-home/registry/src/github.com-1ecc6299db9ec823/stainless-0.1.12/src/lib.rs:7:30
[INFO] [stdout]   |
[INFO] [stdout] 7 | #![feature(plugin_registrar, quote, rustc_private)]
[INFO] [stdout]   |                              ^^^^^ feature has been removed
[INFO] [stdout] 
[INFO] [stdout] 
[INFO] [stdout] error[E0463]: can't find crate for `syntax`
[INFO] [stdout]    --> /opt/rustwide/cargo-home/registry/src/github.com-1ecc6299db9ec823/stainless-0.1.12/src/lib.rs:171:1
[INFO] [stdout]     |
[INFO] [stdout] 171 | extern crate syntax;
[INFO] [stdout]     | ^^^^^^^^^^^^^^^^^^^^ can't find crate
[INFO] [stdout] 
[INFO] [stdout] 
[INFO] [stdout] error: aborting due to 2 previous errors
[INFO] [stdout] 
[INFO] [stdout] 
[INFO] [stdout] Some errors have detailed explanations: E0463, E0557.
[INFO] [stdout] 
[INFO] [stdout] For more information about an error, try `rustc --explain E0463`.
[INFO] [stdout] 
[INFO] [stderr] error: could not compile `stainless`.
[INFO] [stderr] 
[INFO] [stderr] To learn more, run the command again with --verbose.
[INFO] [stderr] warning: build failed, waiting for other jobs to finish...
[INFO] [stdout] error[E0503]: cannot use `state` because it was mutably borrowed
[INFO] [stdout]     --> /opt/rustwide/cargo-home/registry/src/github.com-1ecc6299db9ec823/getopts-0.2.15/src/lib.rs:1033:33
[INFO] [stdout]      |
[INFO] [stdout] 978  |     let mut machine = |cont: &mut bool, (i, c): (usize, char)| {
[INFO] [stdout]      |                       ---------------------------------------- borrow of `state` occurs here
[INFO] [stdout] ...
[INFO] [stdout] 982  |         state = match (state, whitespace, limit) {
[INFO] [stdout]      |                        ----- borrow occurs due to use of `state` in closure
[INFO] [stdout] ...
[INFO] [stdout] 1033 |     while cont && match state { B | C => true, A => false } {
[INFO] [stdout]      |                                 ^ use of borrowed `state`
[INFO] [stdout] 1034 |         machine(&mut cont, (fake_i, ' '));
[INFO] [stdout]      |         ------- borrow later used here
[INFO] [stdout] 
[INFO] [stdout] 
[INFO] [stdout] error: aborting due to previous error
[INFO] [stdout] 
[INFO] [stdout] 
[INFO] [stdout] For more information about this error, try `rustc --explain E0503`.
[INFO] [stdout] 
[INFO] [stderr] error: build failed
[INFO] running `Command { std: "docker" "inspect" "801ba1471e7911885374f6373c9c90c53894b6109ebe1fbf1490791efa2f3d9b", kill_on_drop: false }`
[INFO] running `Command { std: "docker" "rm" "-f" "801ba1471e7911885374f6373c9c90c53894b6109ebe1fbf1490791efa2f3d9b", kill_on_drop: false }`
[INFO] [stdout] 801ba1471e7911885374f6373c9c90c53894b6109ebe1fbf1490791efa2f3d9b
